is divided by 24.
20
What is the remainder when 204 is divided by 9?
6
What is the remainder when 2490 is divided by 53?
52
What is the remainder when 679 is divided by 86?
77
What is the remainder when 19 is divided by 15?
4
Calculate the remainder when 82 is divided by 34.
14
Calculate the remainder when 110 is divided by 48.
14
Calculate the remainder when 19 is divided by 3.
1
What is the remainder when 1189 is divided by 1184?
5
What is the remainder when 196 is divided by 6?
4
What is the remainder when 193 is divided by 13?
11
Calculate the remainder when 846 is divided by 16.
14
What is the remainder when 411 is divided by 18?
15
Calculate the remainder when 6354 is divided by 13.
10
Calculate the remainder when 549 is divided by 35.
24
What is the remainder when 513 is divided by 117?
45
What is the remainder when 70 is divided by 59?
11
What is the remainder when 320 is divided by 81?
77
Calculate the remainder when 2325 is divided by 343.
267
Calculate the remainder when 796 is divided by 211.
163
What is the remainder when 66 is divided by 15?
6
Calculate the remainder when 655 is divided by 82.
81
Calculate the remainder when 106 is divided by 45.
16
What is the remainder when 1618 is divided by 64?
18
What is the remainder when 681 is divided by 84?
9
What is the remainder when 3382 is divided by 12?
10
What is the remainder when 1061 is divided by 47?
27
Calculate the remainder when 334 is divided by 316.
18
Calculate the remainder when 788 is divided by 99.
95
Calculate the remainder when 263 is divided by 84.
11
What is the remainder when 4164 is divided by 49?
48
Calculate the remainder when 35 is divided by 35.
0
What is the remainder when 654 is divided by 134?
118
What is the remainder when 543 is divided by 131?
19
Calculate the remainder when 287 is divided by 20.
7
What is the remainder when 980 is divided by 306?
62
What is the remainder when 302 is divided by 62?
54
What is the remainder when 420 is divided by 61?
54
Calculate the remainder when 39101 is divided by 8.
5
Calculate the remainder when 954 is divided by 316.
6
Calculate the remainder when 39933 is divided by 12.
9
What is the remainder when 5705 is divided by 18?
17
What is the remainder when 1600 is divided by 398?
8
What is the remainder when 233 is divided by 14?
9
Calculate the remainder when 567 is divided by 183.
18
Calculate the remainder when 79 is divided by 18.
7
Calculate the remainder when 1562 is divided by 517.
11
Calculate the remainder when 314 is divided by 102.
8
Calculate the remainder when 9 is divided by 3.
0
Calculate the remainder when 976 is divided by 69.
10
Calculate the remainder when 244 is divided by 31.
27
What is the remainder when 196 is divided by 20?
16
What is the remainder when 153 is divided by 96?
57
Calculate the remainder when 926 is divided by 58.
56
Calculate the remainder when 521 is divided by 85.
11
What is the remainder when 229 is divided by 29?
26
What is the remainder when 294 is divided by 15?
9
What is the remainder when 938 is divided by 232?
10
What is the remainder when 3998 is divided by 89?
82
Calculate the remainder when 1044 is divided by 131.
127
What is the remainder when 1133 is divided by 54?
53
Calculate the remainder when 85 is divided by 22.
19
Calculate the remainder when 299 is divided by 20.
19
What is the remainder when 168 is divided by 34?
32
What is the remainder when 883 is divided by 173?
18
Calculate the remainder when 521 is divided by 41.
29
What is the remainder when 15 is divided by 5?
0
Calculate the remainder when 1945 is divided by 65.
60
What is the remainder when 4404 is divided by 152?
148
Calculate the remainder when 1496 is divided by 688.
120
What is the remainder when 53 is divided by 23?
7
Calculate the remainder when 55631 is divided by 15.
11
Calculate the remainder when 2203 is divided by 105.
103
Calculate the remainder when 3543 is divided by 15.
3
What is the remainder when 1073 is divided by 354?
11
Calculate the remainder when 2734 is divided by 161.
158
Calculate the remainder when 337 is divided by 68.
65
What is the remainder when 428 is divided by 72?
68
Calculate the remainder when 271 is divided by 17.
16
What is the remainder when 2587 is divided by 35?
32
What is the remainder when 38 is divided by 11?
5
Calculate the remainder when 78 is divided by 31.
16
What is the remainder when 372 is divided by 22?
20
Calculate the remainder when 35 is divided by 13.
9
Calculate the remainder when 87 is divided by 22.
21
Calculate the remainder when 124 is divided by 2.
0
Calculate the remainder when 123 is divided by 64.
59
What is the remainder when 588 is divided by 31?
30
Calculate the remainder when 444 is divided by 10.
4
Calculate the remainder when 218 is divided by 21.
8
Calculate the remainder when 507 is divided by 51.
48
What is the remainder when 22 is divided by 5?
2
Calculate the remainder when 202 is divided by 71.
60
What is the remainder when 437 is divided by 274?
163
Calculate the remainder when 240 is divided by 9.
6
Calculate the remainder when 71 is divided by 43.
28
What is the remainder when 14 is divided by 4?
2
What is the remainder when 289 is divided by 145?
144
Calculate the remainder when 477 is divided by 49.
36
Calculate the remainder when 2177 is divided by 156.
149
Calculate the remainder when 238 is divided by 102.
34
What is the remainder when 2259 is divided by 58?
55
What is the remainder when 490 is divided by 41?
39
What is the remainder when 2786 is divided by 31?
27
Calculate the remainder when 665 is divided by 41.
9
Calculate the remainder when 971 is divided by 25.
21
What is the remainder when 491 is divided by 41?
40
What is the remainder when 103 is divided by 38?
27
What is the remainder when 55 is divided by 22?
11
What is the remainder when 75 is divided by 19?
18
Calculate the remainder when 545 is divided by 214.
117
What is the remainder when 75 is divided by 38?
37
Calculate the remainder when 182 is divided by 32.
22
Calculate the remainder when 1351 is divided by 17.
8
Calculate the remainder when 1193 is divided by 193.
35
What is the remainder when 6 is divided by 3?
0
What is the remainder when 4826 is divided by 17?
15
What is the remainder when 1004 is divided by 339?
326
What is the remainder when 12398 is divided by 20?
18
What is the remainder when 3 is divided by 1?
0
What is the remainder when 26881 is divided by 188?
185
Calculate the remainder when 9992 is divided by 7.
3
What is the remainder when 84 is divided by 12?
0
Calculate the remainder when 284 is divided by 50.
34
Calculate the remainder when 1361 is divided by 106.
89
What is the remainder when 46 is divided by 13?
7
Calculate the remainder when 134 is divided by 14.
8
What is the remainder when 1491 is divided by 58?
41
What is the remainder when 1261 is divided by 8?
5
What is the remainder when 708 is divided by 142?
140
Calculate the remainder when 4905 is divided by 214.
197
Calculate the remainder when 162 is divided by 30.
12
Calculate the remainder when 266 is divided by 4.
2
Calculate the remainder when 1173 is divided by 31.
26
Calculate the remainder when 480 is divided by 83.
65
What is the remainder when 29 is divided by 16?
13
What is the remainder when 75 is divided by 32?
11
Calculate the remainder when 1020 is divided by 160.
60
Calculate the remainder when 282 is divided by 48.
42
What is the remainder when 948 is divided by 472?
4
What is the remainder when 10958 is divided by 203?
199
Calculate the remainder when 80 is divided by 41.
39
Calculate the remainder when 3631 is divided by 28.
19
What is the remainder when 841 is divided by 335?
171
What is the remainder when 287 is divided by 96?
95
What is the remainder when 75 is divided by 20?
15
Calculate the remainder when 1746 is divided by 575.
21
Calculate the remainder when 123 is divided by 17.
4
What is the remainder when 769 is divided by 2?
1
What is the remainder when 582 is divided by 11?
10
Calculate the remainder when 10250 is divided by 2.
0
What is the remainder when 30357 is divided by 20?
17
What is the remainder when 229 is divided by 59?
52
What is the remainder when 117 is divided by 45?
27
Calculate the remainder when 119 is divided by 8.